common factor of 14 and 24586786?
14
Calculate the highest common factor of 31456 and 197312.
32
What is the highest common factor of 7953345 and 15?
15
Calculate the highest common divisor of 123336 and 45.
9
Calculate the greatest common divisor of 433052 and 3244.
4
Calculate the greatest common divisor of 2115 and 32701143.
141
What is the highest common divisor of 246 and 82915653?
123
What is the highest common factor of 7268449 and 1390?
139
Calculate the highest common divisor of 388762 and 15170.
82
What is the highest common factor of 93133 and 49?
1
Calculate the highest common factor of 4 and 15415006.
2
Calculate the greatest common divisor of 136490562 and 6318.
702
What is the highest common divisor of 3636 and 1195416?
36
What is the greatest common divisor of 247010 and 690?
10
What is the highest common divisor of 876177 and 13801?
373
Calculate the highest common divisor of 335211183 and 54.
27
Calculate the greatest common divisor of 243317 and 181263.
1633
Calculate the greatest common divisor of 295 and 326227520.
295
Calculate the highest common factor of 347400 and 73860.
60
Calculate the highest common divisor of 41309354 and 17.
17
What is the greatest common divisor of 162123894 and 18?
18
What is the highest common factor of 256 and 359416?
8
What is the highest common factor of 88488740 and 170?
170
What is the greatest common factor of 22548940 and 20?
20
What is the highest common factor of 243677 and 7315283?
4973
Calculate the greatest common divisor of 60 and 122810772.
12
What is the greatest common divisor of 306057 and 12?
3
What is the highest common divisor of 375069 and 1847114?
4033
What is the greatest common factor of 4 and 35641988?
4
Calculate the highest common divisor of 3564 and 466708.
44
What is the highest common divisor of 290748 and 14298?
6
What is the highest common factor of 16403 and 349?
349
What is the greatest common factor of 32 and 331363232?
32
What is the highest common divisor of 9 and 162598?
1
Calculate the highest common divisor of 4576 and 3240336.
176
Calculate the greatest common factor of 21048927 and 4206.
2103
What is the greatest common factor of 31705 and 31325?
5
Calculate the highest common factor of 15056 and 1028.
4
Calculate the highest common divisor of 42 and 42193638.
6
What is the highest common factor of 5054 and 5470594?
722
Calculate the highest common factor of 4979178 and 135.
27
What is the highest common factor of 20997 and 18?
9
What is the highest common factor of 7616 and 60512928?
3808
What is the greatest common divisor of 18392 and 1270302?
418
What is the greatest common divisor of 2670 and 21143730?
2670
What is the greatest common divisor of 10475418 and 2910?
582
Calculate the highest common factor of 553472 and 518912.
256
What is the highest common divisor of 326807 and 8138?
13
Calculate the greatest common divisor of 93906806 and 70.
14
What is the greatest common factor of 113221 and 779?
19
Calculate the highest common factor of 5894203 and 89.
89
What is the highest common divisor of 8800 and 1749077?
11
Calculate the highest common factor of 1496 and 20577208.
136
What is the highest common factor of 10655904 and 28574?
2198
What is the greatest common divisor of 732745 and 2665?
65
What is the highest common divisor of 190004164 and 49?
49
What is the greatest common divisor of 2155215 and 2070?
345
Calculate the greatest common factor of 46750 and 471130.
110
Calculate the highest common divisor of 1134934673 and 919.
919
What is the highest common divisor of 165 and 10259634?
33
Calculate the greatest common divisor of 905349 and 102327.
69
Calculate the greatest common factor of 54910 and 1174105.
1615
Calculate the greatest common factor of 5551 and 62699.
91
Calculate the greatest common factor of 2762720158 and 10406.
10406
Calculate the greatest common divisor of 52 and 63401.
13
What is the highest common divisor of 39039 and 3174633?
231
Calculate the highest common divisor of 3718 and 102454.
22
What is the greatest common divisor of 101578085 and 45011?
1957
Calculate the highest common divisor of 528225 and 1080.
15
What is the highest common factor of 928867 and 321?
107
Calculate the greatest common factor of 41250 and 5925.
75
What is the greatest common factor of 1072307 and 2672?
167
Calculate the greatest common divisor of 94646259 and 629.
629
Calculate the greatest common factor of 556889 and 16423.
1493
What is the greatest common divisor of 2593112 and 1064?
8
Calculate the highest common divisor of 26336669 and 2059.
2059
Calculate the highest common divisor of 16996279 and 19.
19
What is the greatest common divisor of 78 and 8103?
3
What is the highest common divisor of 17917203 and 739673?
6113
Calculate the highest common factor of 133763245 and 1470.
35
Calculate the highest common divisor of 55539253 and 16401.
5467
Calculate the highest common divisor of 8092 and 397183682.
4046
Calculate the greatest common factor of 69459 and 6586138.
1781
What is the highest common factor of 1424455 and 169877?
661
Calculate the highest common factor of 864 and 1099456.
32
Calculate the greatest common factor of 5859 and 5285655.
837
Calculate the highest common divisor of 459969 and 156774.
1479
What is the highest common factor of 68485059 and 36?
9
Calculate the greatest common divisor of 1171 and 17409257.
1171
Calculate the highest common factor of 423 and 1717224.
3
What is the highest common divisor of 182534 and 495?
11
What is the greatest common divisor of 43578047 and 127975?
5119
What is the greatest common factor of 469 and 8085292?
67
Calculate the highest common divisor of 50 and 85721125.
25
What is the highest common divisor of 3363969 and 1596?
399
Calculate the highest common divisor of 1380 and 803580.
60
Calculate the highest common factor of 8229 and 181233.
39
What is the greatest common divisor of 2755 and 2531465?
95
Calculate the greatest common factor of 798 and 981498.
42
What is the highest common factor of 21532312 and 668?
668
What is the greatest common divisor of 429 and 469887?
33
Calculate the greatest common divisor of 630661 and 77895.
577
Calculate the greatest common factor of 4790094 and 74.
74
Calculate the greatest common divisor of 21125819 and 572.
143
Calculate the highest common divisor of 131856 and 112668.
492
Calculate the greatest common divisor of 25410 and 7484092.
1694
Calculate the greatest common factor of 349832 and 30002.
14
Calculate the highest common factor of 3079938 and 24.
6
What is the greatest common factor of 395616378 and 1194?
1194
What is the greatest common divisor of 180559567 and 15627?
5209
What is the highest common divisor of 7440 and 465?
465
What is the greatest common factor of 15363 and 4466650?
569
Calculate the highest common factor of 2755650 and 1050.
150
Calculate the highest common divisor of 438657 and 4454672.
2003
What is the greatest common divisor of 1943536 and 659816?
536
Calculate the greatest common factor of 6127 and 421619.
11
Calculate the highest common factor of 18422105 and 7540.
1885
What is the highest common divisor of 4422 and 44248743?
2211
What is the highest common factor of 1155718 and 10706?
106
What is the greatest common divisor of 3311 and 1901116?
301
What is the greatest common divisor of 4204241 and 31?
1
What is the highest common divisor of 4644 and 10310841?
1161
What is the highest common divisor of 60802 and 250432?
602
What is the highest common factor of 10764 and 98038512?
10764
What is the greatest common divisor of 12990360 and 7160?
40
Calculate the highest common factor of 3989810 and 17100.
190
What is the highest common factor of 3401695 and 260985?
635
Calculate the highest common divisor of 20304715 and 85.
85
Calculate the greatest common factor of 5796 and 906016.
92
What is the highest common divisor of 114 and 9710178?
114
What is the highest common divisor of 599343 and 248502?
249
Calculate the greatest common factor of 484 and 13800028.
44
Calculate the greatest common divisor of 224 and 462119.
7
Calculate the highest common factor of 140 and 335324.
4
Calculate the greatest common divisor of 7345 and 193349.
13
What is the highest common factor of 2844149 and 12243?
77
Calculat